{"id":6,"date":"2016-05-03T18:56:19","date_gmt":"2016-05-03T17:56:19","guid":{"rendered":"https:\/\/www.entraide-demenagements.com\/?page_id=6"},"modified":"2023-12-04T10:31:16","modified_gmt":"2023-12-04T09:31:16","slug":"entraide-demenagements-demenageur","status":"publish","type":"page","link":"https:\/\/www.entraide-demenagements.com\/","title":{"rendered":"Entraide demenagements"},"content":{"rendered":"\n<p>R\u00e9aliser un d\u00e9m\u00e9nagement n\u2019a jamais \u00e9t\u00e9 une t\u00e2che facile, pour cela, nombreuse agence propose \u00e0 leurs client\u00e8les d\u2019effectuer un devis de d\u00e9m\u00e9nagement gratuit.<\/p>\n\n\n\n<p>Il existe multiples raisons qui pousse les gens \u00e0 d\u00e9m\u00e9nager, certain se trouve dans l\u2019obligation de le faire d\u2019autres ont choisi de leur propre gr\u00e8s. Que ce soit pour le travail ou pour des raisons personnel, des gens d\u00e9m\u00e9nagent, et cela toute l\u2019ann\u00e9e. La premi\u00e8re de tous ces motifs est l\u2019expatriation, beaucoup de gens se trouvent dans l\u2019obligation de quitter leur foyer \u00e0 cause de diff\u00e9rente circonstance comme les catastrophes naturelles, la poursuite du travail dans un autre lieu. Dans ces \u00e9ventualit\u00e9s, ils sont oblig\u00e9s de se d\u00e9placer dans un autre domicile qui sera mieux pour eux. Il y a aussi les personnes qui choisissent de d\u00e9m\u00e9nager, car leur maison actuelle est us\u00e9e ou que celle-ci ne peut plus contenir l\u2019int\u00e9gralit\u00e9 de la famille. Cette derni\u00e8re qui a grandi par la venue d\u2019un nouveau-n\u00e9. \u00c0 part ces deux causes, l\u2019expulsion fait aussi partie des causes principales d\u2019un d\u00e9m\u00e9nagement. Les gens sont expuls\u00e9s, car ils n\u2019ont pas r\u00e9ussi \u00e0 payer leurs loyers ou qu\u2019ils ont eu une petite diff\u00e9rence avec leurs entourages. Dans les deux cas, ils n\u2019ont plus qu\u2019une solution, c\u2019est de partir dans une autre maison qu\u2019ils peuvent bien payer avec leur moyen.<\/p>\n\n\n\n<h2 class=\"wp-block-heading\">Les \u00e9tapes d\u2019un bon d\u00e9m\u00e9nagement<\/h2>\n\n\n\n<p>Le d\u00e9m\u00e9nagement peut se faire de deux mani\u00e8res, soit c\u2019est la personne qui veut d\u00e9m\u00e9nager qui fait toutes les proc\u00e9dures, soit c\u2019est les sp\u00e9cialistes qui s\u2019occupe avec soins toutes les t\u00e2ches relier au <a href=\"https:\/\/www.demenageur.com\/devis-demenagement\/\">d\u00e9m\u00e9nagement<\/a>. Dans le cas o\u00f9 c\u2019est la personne elle-m\u00eame qui veut effectuer le d\u00e9m\u00e9nagement, toute la tache se repose sur lui. De l\u2019emballage des biens dans les cartons de d\u00e9m\u00e9nagement\u00a0jusqu\u2019aux transports de ces derni\u00e8res vers la future demeure. Ces t\u00e2ches se r\u00e9sument comme suit : la personne doit tout d\u2019abord s\u2018occuper du d\u00e9tachage de tous les mat\u00e9riels comme les appareils \u00e9lectrom\u00e9nagers et des lumi\u00e8res. Ensuite, il doit classer les affaires dans carton tout en les identifiant pour identifier la fragilit\u00e9 des biens. Apr\u00e8s cela, elle doit elle-m\u00eame port\u00e9 ces cartons de d\u00e9m\u00e9nagement vers le v\u00e9hicule e transport. Une fois que ces cartons sont livr\u00e9s dans la future maison, la personne doit encore elle-m\u00eame assur\u00e9 leur d\u00e9ballage et le rangement. C\u2019est pour cela que cette premi\u00e8re option est un vrai chalenge, \u00e0 croire m\u00eame qu\u2019elle est parfois impossible. Dans l\u2019\u00e9ventualit\u00e9 o\u00f9 la personne fait appel au service des agences de d\u00e9m\u00e9nagement, tout devient facile et simple. Les d\u00e9m\u00e9nageurs\u00a0s\u2019occupent enti\u00e8rement des t\u00e2ches cit\u00e9es pr\u00e9c\u00e9demment tout en assurant une s\u00e9curit\u00e9 maximale pour toutes les affaires. En effet, ces d\u00e9m\u00e9nageurs sont des experts qui sont parfaitement aptes \u00e0 d\u00e9placer en tous soins les objets du d\u00e9m\u00e9nagement. Sans parler du fait qu\u2019avant tout d\u00e9m\u00e9nagement, ils effectuent un devis qui va leur permettre d\u2019envisager toutes les possibilit\u00e9s qui peuvent se passer durant le d\u00e9m\u00e9nagement proprement dit. Cela montre leurs professionnalismes dans le domaine.<\/p>\n\n\n\n<h2 class=\"wp-block-heading\">Quelques astuces pour mener \u00e0 bien le d\u00e9m\u00e9nagement<\/h2>\n\n\n\n<p>Dans le cas vous voulez vous-m\u00eame vous arranger dans le d\u00e9m\u00e9nagement, il faudrait faire et \u00e9viter certaines choses. Premi\u00e8rement, pour d\u00e9m\u00e9nager, il faut trouver le moment opportun pour l\u2019ex\u00e9cuter. Surtout \u00e9viter les p\u00e9riodes de f\u00eate comme le 14 juillet ou bien la fin de vacances. Cela ne fait que nuire \u00e0 tous vos calcule pendant le d\u00e9veloppement, les rues seront plein et vous ne ferez qu\u2019aggraver les \u00e9tapes du d\u00e9m\u00e9nagent. Deuxi\u00e8mement, prenez soin de noter et d\u2019identifier toutes les affaires m\u00eame les plus petits d\u2019entre eux. Il faut aussi marquer les cartons pour connaitre si le carton est fragile ou non. Si vous voulez prendre le volant de la voiture pour le d\u00e9m\u00e9nagement, assurez-vous d\u2019avoir les permis requis pour la conduite du genre de voiture. Ceci fait c\u2019est pour \u00e9viter toute forme de confusion avec les forces de l\u2019ordre, si vous vous faite arr\u00eater le jour du d\u00e9m\u00e9nagement, vous pourriez perdre l\u2019int\u00e9gralit\u00e9 de vos biens. Une fois \u00e0 la nouvelle maison, assurez-vous bien de ne pas abimer les objets se trouvant dans les cartons. Pour les gens qui ont fait appel aux services des d\u00e9m\u00e9nageurs, assurez-vous que les agences de ces derniers sont parfaitement assur\u00e9es. Mais avant de vous choisir votre agence, pensez \u00e0 comparer les services et les prix propos\u00e9s par quelque d\u00e9m\u00e9nageur. Ceci vous permet d\u2019effectuer un petit bilan sur le cout de votre d\u00e9m\u00e9nagement, d\u2019envisager si vous pouvez payer cette somme. Une fois que le d\u00e9m\u00e9nageur est choisi, pensez \u00e0 lui indiquer tout encombrement et obstacle qui pourraient se pr\u00e9senter devant lui.<\/p>\n","protected":false},"excerpt":{"rendered":"<p>R\u00e9aliser un d\u00e9m\u00e9nagement n\u2019a jamais \u00e9t\u00e9 une t\u00e2che facile, pour cela, nombreuse agence propose \u00e0 leurs client\u00e8les d\u2019effectuer un devis de d\u00e9m\u00e9nagement gratuit. Il existe multiples raisons qui pousse les gens \u00e0 d\u00e9m\u00e9nager, certain se trouve dans l\u2019obligation de le faire d\u2019autres ont choisi de leur propre gr\u00e8s. Que ce soit pour le travail ou &hellip; <a href=\"https:\/\/www.entraide-demenagements.com\/\" class=\"more-link\">Continue reading <span class=\"screen-reader-text\">Entraide demenagements<\/span> <span class=\"meta-nav\">&rarr;<\/span><\/a><\/p>\n","protected":false},"author":1,"featured_media":0,"parent":0,"menu_order":0,"comment_status":"closed","ping_status":"closed","template":"","meta":{"_seopress_robots_primary_cat":"","_seopress_titles_title":"","_seopress_titles_desc":"","_seopress_robots_index":"","footnotes":""},"class_list":["post-6","page","type-page","status-publish","hentry"],"_links":{"self":[{"href":"https:\/\/www.entraide-demenagements.com\/index.php\/wp-json\/wp\/v2\/pages\/6","targetHints":{"allow":["GET"]}}],"collection":[{"href":"https:\/\/www.entraide-demenagements.com\/index.php\/wp-json\/wp\/v2\/pages"}],"about":[{"href":"https:\/\/www.entraide-demenagements.com\/index.php\/wp-json\/wp\/v2\/types\/page"}],"author":[{"embeddable":true,"href":"https:\/\/www.entraide-demenagements.com\/index.php\/wp-json\/wp\/v2\/users\/1"}],"replies":[{"embeddable":true,"href":"https:\/\/www.entraide-demenagements.com\/index.php\/wp-json\/wp\/v2\/comments?post=6"}],"version-history":[{"count":5,"href":"https:\/\/www.entraide-demenagements.com\/index.php\/wp-json\/wp\/v2\/pages\/6\/revisions"}],"predecessor-version":[{"id":16,"href":"https:\/\/www.entraide-demenagements.com\/index.php\/wp-json\/wp\/v2\/pages\/6\/revisions\/16"}],"wp:attachment":[{"href":"https:\/\/www.entraide-demenagements.com\/index.php\/wp-json\/wp\/v2\/media?parent=6"}],"curies":[{"name":"wp","href":"https:\/\/api.w.org\/{rel}","templated":true}]}}